
False
Let m = -109960 + 244587. Is m prime?
False
Let i = 18676 + -5268. Let m = i + -30572. Is m/(-20) + 1 - (-5)/(-25) a composite number?
False
Let n = -429 + 428. Is 8 + 1/n - -9166 prime?
True
Is 3/(-33) + 3791916/198 a prime number?
False
Let l(x) be the third derivative of -59/6*x**3 + 1/3*x**4 + 0*x + 0 + 39*x**2 + 1/4*x**5. Is l(14) prime?
False
Let j = -181137 - -577238. Is j composite?
True
Let w = -67 + -125. Let n = 5814 - 4355. Let j = n + w. Is j a prime number?
False
Let g(o) = 50 - 3136*o - 43 - 677*o. Let n be g(-2). Suppose 4*k - n = 1275. Is k a prime number?
False
Let n(x) be the first derivative of x**4/4 - x**3/3 - 13. Let q be n(2). Suppose -5*o + 3*i = -149, -q*o - 2*i + 35 = -3*o. Is o prime?
True
Let l(z) be the second derivative of z**4/12 - 2*z**3 - 12*z**2 + 6*z. Is l(33) a composite number?
True
Let x(y) = 76042*y - 12167. Is x(4) a prime number?
False
Let n = -39 + 40. Let z be (0/12)/(n + -2). Suppose a + a - 5*t = 303, z = a - 4*t - 159. Is a a composite number?
False
Suppose 0 = 8*b - 5913 + 2321. Let k = b - -250. Is k composite?
True
Suppose 13*n - 4117039 + 2380101 - 8339635 = 0. Is n prime?
True
Let c = 817357 + 877770. Is c composite?
True
Let l(n) = 74*n + 1511. Is l(52) a prime number?
False
Suppose -52*v + 1292563 = -596025. Is v composite?
False
Let t = 641043 - 398762. Is t a prime number?
False
Let i = -404963 + 692632. Is i a prime number?
True
Let g(p) be the second derivative of -p**8/6720 - p**7/1260 + p**6/180 + 7*p**4/12 - 34*p. Let u(o) be the third derivative of g(o). Is u(-5) composite?
True
Let k(r) = 53*r**2 + 30*r + 16. Let d be k(-14). Suppose 4*s = d + 3000. Suppose 9*a - s = 7*a. Is a composite?
True
Let f = -33 - -23. Let y(n) = 36*n + 1. Let b(o) = -453*o - 19. Let l(a) = b(a) + 6*y(a). Is l(f) a prime number?
True
Let o = -12960 + 34607. Is o prime?
True
Suppose 4*f + 31 = 3. Let n = -39 - f. Is (-117136)/n + 3/(-2) composite?
False
Let k = -261 + 264. Suppose 0 = q + 3*g - 956, 4*q + k*g - 1921 = 2*q. Is q prime?
False
Suppose 3*w - 485266 = f, -3*w - 105*f + 109*f = -485287. Is w composite?
False
Suppose -4*a = 28*i - 27*i - 144151, 5*a - 5*i = 180170. Is a composite?
False
Let i(o) = 1413*o**2 + 83*o + 21. Is i(5) composite?
True
Suppose -3*r = 78*z - 76*z - 2685387, 2*z + 4475629 = 5*r. Is r a composite number?
False
Suppose 163*r + 9580063 = 192*r. Is r a prime number?
True
Suppose g - 5 = -a, a + g - 5*g + 15 = 0. Let k be (0 + a)*(-70)/(-10). Is 237/(-9)*(k - 10) prime?
True
Suppose 16*j = 2*j + 187054. Suppose 3*r = -3788 + j. Is r a prime number?
True
Let y(c) = 41 + 256*c - 50*c - 58 - 81*c + 222*c. Suppose -3*w = -6 - 0. Is y(w) composite?
False
Let k = -92 - -86. Let j(w) = w**2 + 6*w + 6. Let c be j(k). Suppose -c*g + 16513 = -11993. Is g a composite number?
False
Let s(j) = 169*j + 62 + 95*j - 387*j. Is s(-39) a composite number?
True
Suppose -4*t = 2 - 10. Suppose 4*m + t*i - 14 = 0, 5*i - i = m + 10. Is (0 - -11)*(-1)/m*-14 composite?
True
Let z be (-1)/4 + (-1)/(20/(-1425)). Let q = 784 - z. Is q a composite number?
True
Let n(c) = 346*c**2 - 143*c + 107. Is n(-52) a prime number?
True
Is ((-574760)/16)/(15/(-402)) a composite number?
True
Is (-9)/(-5) + -1 - (-378093078)/990 prime?
False
Suppose -5814848 = 138*x - 31545086. Is x a composite number?
False
Suppose 4*s - 7*y + 5*y = 14, -2 = 2*s + 2*y. Suppose -d = -0*d - 5*w - 10674, -d - s*w = -10709. Is d a prime number?
False
Is ((-7526)/10)/((-4)/4190) - (-20)/8 a composite number?
False
Suppose 2*g - 1737934 = 1616*n - 1611*n, -n + 2606867 = 3*g. Is g prime?
True
Suppose 0 = 3*z + 15, -422941 = -20*d + 16*d - 3*z. Is d composite?
True
Let i(x) = -x**2 - 6*x - 3. Let q be i(-4). Suppose 192 = -q*t - 183. Let v = 172 + t. Is v prime?
True
Let y(d) = -7*d + 30. Let m be y(1). Let q be 2*-2*1/(-2). Suppose 0 = -q*r + m + 55. Is r composite?
True
Let k be ((-212)/(-44) - 5) + 161884/44. Suppose q + k = 2*m, 2*m - 4*q - 3667 = -7*q. Is m composite?
True
Let z be 14/6 + (-8)/(-12). Let p(x) be the third derivative of x**6/8 - x**4/12 + 4*x**3/3 + 1405*x**2. Is p(z) prime?
False
Suppose 3*z + 51624 = 4*r, -50*r - 3*z - 25812 = -52*r. Let f = -8805 + r. Is f prime?
False
Suppose -39*k + 2871 = -20139. Suppose -h + 1641 = -k. Is h a composite number?
True
Let m = -146368 - -235266. Is m a composite number?
True
Let y(w) = -162*w + 63. Let f be y(9). Suppose 0 = 8*u - 5*u - 7962. Let t = u + f. Is t a prime number?
True
Let t(o) = 33067*o**3 - 4*o**2 + 11*o + 11. Is t(3) a prime number?
True
Let u(x) = 19 + 23 + 9 + 17 - 38 - 32*x. Let h(a) = a**3 + 9*a**2 + 8*a - 11. Let s be h(-8). Is u(s) prime?
False
Suppose 927*y = 926*y + 3, 3*y + 4864259 = 4*x. Is x prime?
True
Let p(d) = 2*d**3 + 32*d**2 - 32*d + 25. Let i be p(-17). Let s be (-780)/(-3) - -1*3. Is (i/(-9))/(1/s) prime?
True
Is ((-4)/6)/(26/208 - (-1389206)/(-11113392)) a composite number?
False
Let s be 11*(-3)/(-3) - 40/8. Suppose -s*c + 20133 = -25761. Is c a composite number?
False
Let r be -53 + -6*(20/12 + -1). Let u = r - -57. Suppose -2*n + 1556 + 2138 = u. Is n prime?
True
Suppose 20*u - 429400 = -18*u. Let r = u + 1289. Is r a composite number?
False
Let q be ((-9)/6)/(3/(-10)). Let r(s) = s**3 - 4*s**2 - 6*s + 4. Let p be r(q). Is -2391*(5/(-6) - p/(-6)) a prime number?
False
Let u be 18/(-36)*(4 + 0). Let m = -3 + u. Let j(h) = h**3 + 7*h**2 - 8*h + 7. Is j(m) a prime number?
True
Let a be (-110)/(-44) + 10/(-4) - 513. Let m = 724 + a. Is m prime?
True
Let t = 263 + -154. Let o(m) = 14*m - 54. Let h be o(18). Let v = h - t. Is v a prime number?
True
Let q = -547 + 549. Suppose -3*g = 3*s - 5544, 3*s - 5536 = 3*g + q*g. Is s prime?
True
Suppose 220 - 40 = 10*j. Is ((-9)/j)/(-2 + (-7575)/(-3790)) prime?
True
Suppose -o - 5*h + 235 = o, 4*o - 3*h = 405. Suppose -4*k - o = -621. Let i = k + 173. Is i a composite number?
True
Let l = -14 - 1. Let x be l/(-4) + 1/4. Suppose x*k - 8027 - 2041 = 0. Is k a composite number?
True
Suppose 0 = -4*b + 3*b, -36*x + 37*x = 4*b + 4481. Is x a composite number?
False
Is -1 + (4 - 4) + (-110716 + 6)/(-5) prime?
False
Let b(w) = -4*w - 46. Let j be b(-12). Suppose -j*a + 763 = 5*z + 74, -2*z + 284 = -2*a. Is z composite?
False
Let x = -31519 + 50226. Is x a composite number?
True
Let n(a) = -4*a + 12015. Let h be n(0). Suppose -22*f + h = -2395. Is f prime?
False
Suppose -150*q = -139*q + 52481. Let p = -2994 - q. Is p prime?
True
Let b(t) = -12*t**2 + 17*t + 3. Let p be b(7). Let i = 280 - p. Suppose 4*w - 979 - 144 = -3*s, -2*s + i = 4*w. Is s a prime number?
False
Let r be 3/5 - (-188)/20. Suppose -198506 = -12*y - r*y. Is y composite?
True
Suppose 3*l + 50 + 20 = 5*o, -3*l - 14 = -o. Let k(m) = m**3 + m**2 - 2*m. Let w(c) = -3*c**3 - 6*c**2 + 10*c + 15. Let n(d) = 4*k(d) + w(d). Is n(o) prime?
False
Suppose 0 = -3*p + 4*u - 4096, -4*p + 7*p = 5*u - 4091. Is 5 - (p + (-28)/7) a composite number?
False
Suppose 23*r - 21*r - 10 = 0. Suppose 0 = 4*g + r*p - 9, 0 = 5*g - 0*g + 5*p - 15. Suppose -1557 - 8997 = -g*i. Is i a prime number?
True
Let y = 227 - 212. Is ((-66174)/(-12))/(y/10 + -1) a composite number?
True
Let b be (20/(-6))/(-5)*(3 - 6). Let z be 44/8 + b + (-6)/(-4). Suppose g + z*o + 0*o - 929 = 0, 4*g = -5*o + 3686. Is g prime?
True
Let i = -290687 - -693568. Is i prime?
True
Suppose 2*x + 35133 - 5941 = 5*d, -2*d = -x - 14596. Let k = x + 35603. Is k a prime number?
False
Let t(l) = -70*l - 7. Let s(a) = 8*a - 12. Let k be s(3). Let r be (k/(-10))/(6/40). Is t(r) composite?
True
Let u = -3039 - -5420. Let v = -843 + u. Is v composite?
True
Suppose 5*u = -3*w + 362936, 11*u = w + 13*u - 120979. Is w a composite number?
False
Let h(u) = -4281*u - 24. Let o(i) = 2144*i + 12. Let v(g) = -3*h(g) - 7*o(g). Is v(-1) prime?
True
Let b(g) = 10*g**2 - 1. Let a be b(1). Suppose 4*m = a*m - 1320. Is (-48)/m - 4/((-88)/23478) a composite number?
True
Suppose -2*t + 21 = -3*l, 4*l + 4 = -3*t - 7. Suppose 4596 = i + x, -13770 = -i - 2*i + t*x. Is i a composite number?
True
Let j = -24979 + 35456. Is j prime?
True
Let d = 4 - 3. Let t(b) = 3*b**2 - b - 105. Let h be t(10). Is d*(h - (-5 + 3)) a composite number?
True
Let w = -19241 - -696388. Is w prime?
True
Let a(k) = 260*k**2 + 6*k - 25. Let d = 32 + -29. Is a(d) 